 composite?
False
Is 2129657 a prime number?
False
Is 7789871 a prime number?
True
Is 35439947 composite?
False
Is 59781811 a prime number?
True
Is 2615 prime?
False
Is 23136445 a prime number?
False
Is 270646073 composite?
False
Is 25295687 a composite number?
False
Is 18815019 composite?
True
Is 1035565 prime?
False
Is 18445345 a composite number?
True
Is 22998049 a composite number?
True
Is 718054 composite?
True
Is 101611379 a composite number?
True
Is 405157 prime?
True
Is 1063871 a composite number?
False
Is 33968479 composite?
True
Is 16885373 composite?
False
Is 164753 prime?
False
Is 102490249 a composite number?
False
Is 2065751 a prime number?
True
Is 25062127 composite?
False
Is 5993003 a composite number?
True
Is 14423161 a prime number?
True
Is 15149177 a composite number?
False
Is 7323917 a prime number?
True
Is 2162617 a prime number?
False
Is 15100927 prime?
False
Is 870119 a prime number?
False
Is 18803959 a composite number?
True
Is 93183763 a prime number?
True
Is 5441123 composite?
False
Is 19560757 a composite number?
False
Is 67809253 composite?
True
Is 523031 a composite number?
False
Is 14940917 a composite number?
False
Is 104027467 a prime number?
True
Is 91826131 composite?
False
Is 13791455 composite?
True
Is 1542347 a prime number?
True
Is 883201801 a composite number?
False
Is 2915851 a prime number?
False
Is 2144609 a prime number?
True
Is 2545149 a composite number?
True
Is 5655157 composite?
False
Is 238168699 prime?
True
Is 5199937 a prime number?
False
Is 43360249 a composite number?
True
Is 6262063 composite?
True
Is 802543201 composite?
False
Is 3485159 prime?
True
Is 3604421 prime?
True
Is 4202953 a composite number?
True
Is 641281 a prime number?
False
Is 15010273 prime?
True
Is 66530851 prime?
True
Is 362277653 a prime number?
False
Is 988811 composite?
True
Is 30174863 a composite number?
True
Is 217226591 composite?
True
Is 16122473 composite?
False
Is 984947 composite?
False
Is 1008583 a composite number?
True
Is 86248493 prime?
False
Is 79411069 prime?
True
Is 15772247 prime?
True
Is 45880199 a prime number?
False
Is 40861297 a composite number?
True
Is 100701443 composite?
False
Is 1869823 a prime number?
True
Is 12168643 composite?
False
Is 107634959 a prime number?
True
Is 159116245 a composite number?
True
Is 69525037 composite?
False
Is 68246121 composite?
True
Is 3848907 composite?
True
Is 10908409 a composite number?
False
Is 2490953 composite?
True
Is 2156567 a prime number?
False
Is 19619927 composite?
True
Is 16632167 a prime number?
False
Is 2984941 a prime number?
False
Is 468781 composite?
False
Is 6466831 composite?
True
Is 2409431 composite?
False
Is 220141 prime?
True
Is 57581707 composite?
True
Is 6714401 a composite number?
True
Is 10539869 prime?
True
Is 1389881 composite?
True
Is 5325527 prime?
True
Is 37287277 a prime number?
True
Is 505277 composite?
False
Is 6427679 prime?
True
Is 3074329 a composite number?
False
Is 967147 prime?
False
Is 366793663 prime?
True
Is 1449587111 prime?
False
Is 26567938 prime?
False
Is 62260799 a prime number?
True
Is 123607763 composite?
False
Is 111384599 a prime number?
True
Is 19975003 prime?
True
Is 194586527 a prime number?
True
Is 3751347 a prime number?
False
Is 8375933 prime?
False
Is 5715433 composite?
False
Is 91604647 prime?
False
Is 5043715 composite?
True
Is 3203219 a composite number?
True
Is 7793897 prime?
True
Is 25630103 composite?
False
Is 7255403 a prime number?
True
Is 38821 composite?
False
Is 27432383 composite?
True
Is 27588601 composite?
False
Is 442990633 a prime number?
True
Is 1180363 a composite number?
True
Is 3153013 composite?
True
Is 125186681 a prime number?
True
Is 1117507 prime?
False
Is 279713957 a prime number?
False
Is 2694733 a prime number?
True
Is 21911651 prime?
True
Is 611369 a prime number?
False
Is 99164491 composite?
False
Is 347513921 composite?
True
Is 143686201 composite?
False
Is 6188591 prime?
False
Is 2387101 a composite number?
True
Is 5614579 a prime number?
True
Is 343261573 composite?
False
Is 430949 prime?
True
Is 778391 composite?
False
Is 9204659 a prime number?
True
Is 1832353 a prime number?
True
Is 50768689 a prime number?
False
Is 180087937 prime?
True
Is 2742749 prime?
True
Is 17439991 a prime number?
False
Is 29863213 prime?
True
Is 1487209 a prime number?
False
Is 25482001 composite?
True
Is 49598243 composite?
True
Is 2562097 prime?
True
Is 3547553 a composite number?
False
Is 9894211 prime?
True
Is 3812363 a prime number?
True
Is 56734159 a composite number?
False
Is 3521047 a composite number?
True
Is 5005441 prime?
False
Is 238967 a prime number?
True
Is 9813701 prime?
False
Is 7237777 a composite number?
False
Is 2801519 composite?
True
Is 145283 composite?
False
Is 853319033 a composite number?
True
Is 549966583 prime?
False
Is 560669 a composite number?
False
Is 77917909 a composite number?
True
Is 4061039 composite?
True
Is 23788507 prime?
True
Is 10552687 composite?
False
Is 25993353 prime?
False
Is 1672313 composite?
True
Is 362029 a composite number?
True
Is 1638251 composite?
False
Is 10720129 a prime number?
False
Is 197289767 a composite number?
True
Is 380413 composite?
True
Is 111303077 prime?
True
Is 312483467 composite?
False
Is 24735905 composite?
True
Is 50955319 prime?
True
Is 6672335 prime?
False
Is 9393677 prime?
True
Is 2297969 prime?
True
Is 570139 a composite number?
False
Is 1533871 composite?
False
Is 7127567 a prime number?
True
Is 5521963 a composite number?
False
Is 885331 a composite number?
False
Is 290580833 prime?
True
Is 16221311 a prime number?
True
Is 1774139 prime?
True
Is 35343254 prime?
False
Is 830411 a prime number?
True
Is 20195887 a prime number?
True
Is 13940243 a prime number?
False
Is 5323693 prime?
True
Is 84863369 a prime number?
False
Is 1173223 prime?
True
Is 49621567 a composite number?
True
Is 1738901 composite?
False
Is 25420579 a composite number?
False
Is 2308741 composite?
False
Is 16779769 composite?
True
Is 190356967 a prime number?
False
Is 18559813 a prime number?
False
Is 47969423 composite?
False
Is 46740539 prime?
True
Is 69176719 composite?
False
Is 695507773 composite?
False
Is 521012597 prime?
False
Is 84739619 a prime number?
True
Is 79568291 a composite number?
True
Is 17980789 prime?
True
Is 1393585 composite?
True
Is 319853 a composite number?
True
Is 38531327 a composite number?
False
Is 53313035 prime?
False
Is 693873461 prime?
True
Is 4872937 a prime number?
False
Is 2869693 composite?
False
Is 515590447 a composite number?
False
Is 4496227 a composite number?
False
Is 11555051 composite?
False
Is 7363115 prime?
False
Is 14818039 composite?
False
Is 103559473 a composite number?
False
Is 518169341 prime?
True
Is 94030991 composite?
False
Is 11045719 composite?
False
Is 4191749 prime?
False
Is 9402403 a composite number?
True
Is 106966889 composite?
True
Is 282696019 a composite number?
True
Is 25477615 composite?
True
Is 9205081 a composite number?
True
Is 478701733 prime?
True
Is 248525617 prime?
False
Is 660069989 a composite number?
True
Is 6407371 composite?
False
Is 4225379 prime?
False
Is 4855129 a composite number?
False
Is 236516989 composite?
False
Is 382505323 a prime number?
True
Is 4381361 composite?
False
Is 3682423 prime?
False
Is 111812303 prime?
True
Is 86155255 a composite number?
True
Is 34054127 a prime number?
True
Is 13943533 composite?
False
Is 68405237 prime?
True
Is 913853 a prime number?
True
Is 141746218 a composite number?
True
Is 4810297 prime?
False
Is 98709593 a composite number?
True
Is 7391939 a prime number?
True
Is 26067127 a prime number?
False
Is 29041241 prime?
True
Is 12640351 a composite number?
False
Is 3445647 composite?
True
Is 42261 prime?
False
Is 457873 composite?
True
Is 180787865 a composite number?
True
Is 7033031 a prime number?
True
Is 34987457 a prime number?
True
Is 9099781 composite?
True
Is 70477673 prime?
False
Is 1761263 prime?
False
Is 249311 a composite number?
False
Is 382594 prime?
False
Is 214967 prime?
True
Is 38033837 composite?
True
Is 37793869 a composite number?
True
Is 16452881 prime?
True
Is 51718273 prime?
True
Is 1583429 a composite number?
True
Is 12475717 composite?
True
Is 7793311 composite?
False
Is 1275244757 a prime number?
True